 w(o) = -4*o**2 + o + 2. Calculate w(-2).
-16
Let r(s) = -s**3 - 2*s**2 + 7*s + 3. What is r(3)?
-21
Let r(j) = -j + 7. Give r(0).
7
Let x(g) = g**2 - 10*g - 6. Determine x(13).
33
Let y(u) = -u + 9. Calculate y(-5).
14
Let r(v) = 3*v**2 - 18*v - 22. Determine r(7).
-1
Let v(z) = -z**3 + 16*z**2 + 13*z + 51. Determine v(17).
-17
Let f(w) = -w**2 - 5*w - 10. Calculate f(-3).
-4
Let r(x) = x**2 + x - 9. Determine r(9).
81
Let n(r) = -r**2 + 13*r - 42. Determine n(7).
0
Let d(r) = 8*r**2 - 2*r + 3. Determine d(2).
31
Let j(x) = -7*x**2 - 34*x - 27. Calculate j(-4).
-3
Let r(f) = 3*f - 45. Determine r(8).
-21
Let h(n) = n**3 - n**2 + 2*n. Give h(0).
0
Let j(h) = -h**3 - 9*h**2 - 14*h - 27. Determine j(-8).
21
Let j(h) = -9*h + 32. Calculate j(-4).
68
Let p(w) = w**2 - 2*w - 9. Give p(-2).
-1
Let h(n) = n**3 - 30*n**2 + 29*n + 30. Give h(29).
30
Let m(k) = -5*k + 30. What is m(7)?
-5
Let p(v) = -v + 78. Calculate p(22).
56
Let b(u) = 2*u - 55. Calculate b(17).
-21
Let s(v) = 6*v - 25. Give s(6).
11
Let z(p) = 13*p - 13. Determine z(1).
0
Let s(l) = -l**3 - 6*l**2 + 40*l - 32. Determine s(-10).
-32
Let x(f) = -36*f + 294. What is x(7)?
42
Let r(y) = y**3 + 10*y**2 + 23*y - 2. Determine r(-6).
4
Let m(u) = -6*u + 79. Give m(12).
7
Let k(b) = b**3 + 10*b**2 - 2*b - 14. What is k(-10)?
6
Let v(n) = n + 29. Give v(-16).
13
Let o(a) = 11*a - 19. What is o(5)?
36
Let q(g) = g - 4. Determine q(6).
2
Let b(i) = 14*i + 15. Determine b(6).
99
Let d(o) = -o**2 - o - 3. Give d(5).
-33
Let i(k) = 35*k + 111. Give i(-3).
6
Let i(q) = 13*q**2 - 1. What is i(1)?
12
Let g(o) = -o**3 + 10*o**2 - o + 2. Give g(10).
-8
Let g(h) = 4*h + 2. What is g(-12)?
-46
Let x(l) = -l**2 + 5*l + 1. What is x(4)?
5
Let m(f) = f**2 + 10*f - 25. Give m(-12).
-1
Let i(n) = -4*n + 2. Determine i(-1).
6
Let l(a) = a**3 + 7*a**2 + 6*a - 7. Give l(-6).
-7
Let w(i) = 3*i - 25. What is w(8)?
-1
Let q(f) = -6*f**3 - 3*f**2 + 2*f + 2. What is q(2)?
-54
Let i(p) = -p - 46. Give i(-43).
-3
Let u(z) = 2*z**3 + 53*z**2 + 26*z + 4. Determine u(-26).
4
Let x(r) = -r**3 + 19*r**2 - 15*r + 34. What is x(18)?
88
Let f(q) = 3*q + 26. What is f(-6)?
8
Let x(m) = -2*m**3 + 5*m**2 - 6. What is x(2)?
-2
Let h(g) = g**3 - 5*g**2 - 28*g + 17. Calculate h(8).
-15
Let q(s) = s**3 + 8*s**2 + 7*s - 39. What is q(-6)?
-9
Let c(y) = y - 9. Calculate c(7).
-2
Let q(v) = 23*v**2 - v + 1. Calculate q(1).
23
Let k(u) = -u**2 + 14*u + 13. Determine k(14).
13
Let f(y) = -y**2 - 9*y - 9. Give f(-7).
5
Let r(i) = -i**3 + 3*i**2 + 2*i - 16. Calculate r(2).
-8
Let r(k) = 13*k - 1. Give r(2).
25
Let r(x) = 4*x**2 - 10*x + 18. Give r(2).
14
Let o(n) = n**3 + 13*n**2 + 14*n + 9. What is o(-12)?
-15
Let n(r) = -20*r - 5. Determine n(-4).
75
Let q(m) = m**2 - 51*m - 57. Determine q(52).
-5
Let s(g) = 4*g**3 + g**2 + 3*g + 3. Determine s(-1).
-3
Let y(i) = 6*i**3 + 2*i**2 + 2*i. Calculate y(-1).
-6
Let d(r) = 2*r**2 - 14*r + 15. Give d(5).
-5
Let p(c) = 2*c + 11. Calculate p(-8).
-5
Let v(y) = -y**2 - 2*y + 6. Calculate v(3).
-9
Let x(n) = -2*n - 17. Determine x(-14).
11
Let i(m) = -m**3 + 5*m**2 - 3*m + 2. Calculate i(3).
11
Let d(m) = -m**2 - 14*m + 103. Calculate d(-19).
8
Let h(y) = 61*y**3 + 2*y**2 - 1. Give h(1).
62
Let n(y) = -y**3 + 20*y**2 - 24*y + 77. Determine n(19).
-18
Let s(v) = -v**3 - 44*v**2 - 19*v - 827. Determine s(-44).
9
Let g(p) = -37*p + 745. Calculate g(20).
5
Let k(l) = 5*l**3 + 2*l**2 - 2. What is k(-2)?
-34
Let v(x) = -x**2 - 10*x + 74. What is v(-15)?
-1
Let z(s) = s**2 + 5*s - 3. Give z(-10).
47
Let h(x) = 4*x**3 - x**2 - 2*x. Give h(2).
24
Let n(r) = 8*r - 118. Determine n(14).
-6
Let n(s) = -s**3 - 6*s**2 + 3*s - 7. What is n(-7)?
21
Let z(u) = u**2 - 3*u - 9. What is z(6)?
9
Let w(c) = -5*c - 6. Determine w(-6).
24
Let g(w) = 3*w**2 - 9*w - 8. What is g(4)?
4
Let z(y) = y**2 + 4*y - 18. Give z(8).
78
Let m(l) = -l - 3. Give m(-7).
4
Let t(a) = -a**3 - 15*a**2 - 14*a - 6. What is t(-14)?
-6
Let k(b) = 6*b + 32. Calculate k(-5).
2
Let q(l) = -l**3 + 6*l**2 - 5*l + 6. Give q(5).
6
Let p(f) = 28*f**2 - f. What is p(1)?
27
Let r(p) = 5*p**3 - 3*p**2 + 8*p - 7. Give r(1).
3
Let s(d) = d**3 + 2*d**2 + 13. Calculate s(-4).
-19
Let m(j) = -7*j**2 + 12*j - 8. What is m(4)?
-72
Let q(g) = 19*g**2 + 14*g - 14. Calculate q(1).
19
Let h(b) = 6*b**2 + 3. What is h(3)?
57
Let j(g) = -g**3 - 6*g**2 + g - 13. Give j(-7).
29
Let o(v) = v**3 + 5*v**2 + 8. Give o(-6).
-28
Let y(b) = -2*b - 28. Calculate y(-17).
6
Let a(c) = c**2 - 5*c - 1. Determine a(6).
5
Let h(y) = -y**3 + 11*y**2 - 31*y + 28. Calculate h(7).
7
Let b(m) = -3*m + 19. What is b(0)?
19
Let i(b) = -b**2 + 13*b + 43. Give i(16).
-5
Let m(x) = -2*x + 47. Calculate m(20).
7
Let d(a) = a**3 - 3*a**2 + 2*a. Calculate d(2).
0
Let t(b) = b**3 + 4*b**2 + 2*b + 2. What is t(-5)?
-33
Let u(h) = -4*h**3 - 31*h**2 + 18*h + 83. Give u(-8).
3
Let w(h) = -2*h**3 + 7*h**2 - 13*h + 6. Determine w(2).
-8
Let g(r) = -7*r + 3. What is g(7)?
-46
Let o(q) = q**2 - 8*q + 11. What is o(5)?
-4
Let m(a) = a**2 + 10*a + 9. Give m(-9).
0
Let w(j) = 7*j + 10. Determine w(-5).
-25
Let n(h) = -15*h + 31. What is n(2)?
1
Let k(h) = 7*h**2 - 2*h - 10. Calculate k(-2).
22
Let v(z) = -67*z - 58. What is v(-1)?
9
Let n(k) = -17*k - 486. What is n(-28)?
-10
Let w(c) = -5*c**2 + 12*c + 3. What is w(3)?
-6
Let p(f) = 43*f - 5. What is p(-1)?
-48
Let n(y) = 2*y**2 - 5*y + 1. Calculate n(4).
13
Let a(b) = b**2 - 11*b + 7. What is a(11)?
7
Let t(k) = -k**3 - 8*k**2 + 16*k - 14. Calculate t(-9).
-77
Let a(h) = -h**2 - 12*h - 8. Calculate a(-11).
3
Let u(y) = -y**3 + 11*y**2 + 7*y + 28. What is u(12)?
-32
Let y(i) = -i**3 + 7*i**2 - i - 6. Calculate y(7).
-13
Let z(d) = -d - 1. Determine z(-9).
8
Let u(m) = -m**3 + 13*m**2 + 14*m + 12. What is u(14)?
12
Let c(y) = 6*y**3 + 26*y**2 + 5*y - 1. What is c(-4)?
11
Let y(x) = -16*x + 35. Calculate y(7).
-77
Let x(t) = -t**3 + 9*t**2 - 7*t - 3. Determine x(8).
5
Let s(z) = 12*z**2 + z + 4. Determine s(0).
4
Let a(z) = -2*z**2 - 18*z. Calculate a(-9).
0
Let z(p) = -p**3 - 10*p**2 - 23*p + 10. Give z(-4).
6
Let n(q) = -2*q**2 - 9*q - 2. Determine n(-7).
-37
Let z(o) = -4*o + 18. What is z(6)?
-6
Let o(c) = c**2 + 2*c - 3. Determine o(3).
12
Let n(f) = 11*f + 7. Determine n(-1).
-4
Let t(g) = 2*g**2 - 41*g + 28. Calculate t(20).
8
Let a(i) = 7*i + 5. Give a(-5).
-30
Let z(b) = -8*b**2 - 17*b + 42. Give z(3).
-81
Let q(v) = -v**3 + 8*v**2 + 3*v + 10. Give q(8).
34
Let t(q) = q**2 + 20*q - 41. Give t(-24).
55
Let m(b) = -b**3 - 5*b**2 + 2*b - 7. Calculate m(-6).
17
Let j(b) = b**2 - 12*b - 1. Calculate j(13).
12
Let n(k) = -25*k - 140. What is n(-10)?
110
Let h(k) = k**2 + 10*k - 13. Give h(-11).
-2
Let o(v) = v**3 + 13*v**2 + 17*v + 32. Give o(-13).
-189
Let t(h) = 4*h - 2. Calculate t(-2).
-10
Let r(l) = l**3 + 2*l**2 - 2*l + 1. Determine r(3).
40
Let y(a) = -a**3 - 4*a**2 + 12*a - 5. Calculate y(-6).
-5
Let l(f) = -6*f - 10. Calculate l(-8).
38
Let y(j) = -5*j + 35. Determine y(20).
-65
Let s(x) = x**3 + 8*x**2 + 2*x + 13. What is s(-8)?
-3
Let q(s) = -41*s + 46. Calculate q(1).
5
Let d(s) = -2*s + 48. Determine d(-7).
62
Let m(r) = -r**2 - 13*r + 5. Give m(-13).
5
Let q(l) = 4*l + 6. Give q(-5).
-14
Let h(f) = -f**3 + 10*f**2 - 6*f - 8. What is h(9)?
19
Let y(r) = 12*r - 355. Give y(29).
-7
Let q(i) = 35*i**2 - i - 2. Give q(-1).
34
Let c(u) = 8*u - 119. What is c(14)?
-7
Let n(w) = w**3 - 15*w**2 - 19*w - 27. Calculate n(16).
-75
Let g(m) = m**3 + 7*m**2 + 9. What is g(-8)?
-55
Let j(u) = -3*u + 22. What is j(10)?
-8
Let q(n) = n - 12. Give q(5).
-7
Let b(j) = -2*j**3 - 5*j**2 + 6*j + 1. Determine b(3).
-80
Let k(j) = -j**3 + 4*j**2 - j - 4. Determine k(4).
-8
Let z(u) = -u**3 + u**2 + 11*u - 4. What is z(4)?
-8
Let r(q) = 2*q**2 + 5*q + 11. Determine r(-4).
23
Let n(q) = -7*q**2 - 2*q + 1. Determine n(-2).
-23
Let b(m) = -70*m - 2098. Determine b(-30).
2
Let x(q) = -2*q**2 - 26*q + 22. Determine x(-14).
-6
Let p(a) = a**2 - 2. Calculate p(-3).
7
Let a(i) = -i**3 - 27*i**2 - 2*i - 60. Calculate a(-27).
-6
Let w(z) = -z - 7. Calculate w(-4).
-3
Let b(d) = 2*d**2 + 40*d + 14. What is b(-21)?
56
Let t(d) = -d**2 - 3*d - 1. Determine t(-6).
-19
Let j(a) = 7*a - 4. What is j(5)?
31
Let t(c) = -c**3 + 27*c**2 + c + 22. Determine t(27).
49
Let k(d) = -d**3